 the remainder when t is divided by z?
5
Let v(y) = 2*y**3. Let n(g) = g**3 - 8*g**2 - 341*g - 46. Calculate the remainder when n(23) is divided by v(2).
14
Suppose o - 2*o + 7 = 0. Let v be (-1 - 2)/3*5. Let w = v + o. Calculate the remainder when 3 is divided by w.
1
Suppose -o = -2*w + 734, 4 = o + 2. Suppose 8*k - w = 4*k. Suppose -2*z - 5*m = -4*z + 62, z + m = 31. What is the remainder when k is divided by z?
30
Let y(u) = 5*u**2 + 7*u + 5. Let m be 15/4 + (-7)/(-28). Suppose -168 = m*f - 11*f. What is the remainder when y(-5) is divided by f?
23
Suppose 42 = -y + 47. Suppose -155 = -3*g + 2*h, -y*g + 169 = -5*h - 96. What is the remainder when g is divided by 18?
13
Let t be 53/2*(6 - 4). Suppose -t = b - 200. What is the remainder when b is divided by 25?
22
Suppose 3*n - 17 = 2*o, -o - 16 = -3*n - n. Suppose 104 = 4*g + 2*w, 0*w - n*w + 16 = g. Let b = g - 16. Calculate the remainder when 21 is divided by b.
9
Calculate the remainder when (1076/20)/((-13)/(-65)) is divided by 4.
1
What is the remainder when 151 is divided by (-14)/(-2) - (-2)/(2/5)?
7
What is the remainder when (1 - -320)*(-9 - 252/(-27)) is divided by (-6)/(-2) - (1 - 25)?
26
Let r(s) = -s**2 + 12*s - 14. Let i be r(10). Let v = i + -3. Suppose g = v*g - 54. What is the remainder when g is divided by 10?
7
Let m(p) = -p**3 + 4*p**2 + 14*p - 8. Let t be m(6). Suppose 0 = j + t*j - 220. What is the remainder when j is divided by 15?
14
Suppose 2*m = 4*z - 22, 5*z + m + m - 32 = 0. Suppose -5*a - 3*y = 137 - 192, -a + 9 = y. What is the remainder when a is divided by z?
2
What is the remainder when (-18)/(-66) - 4470/(-66) is divided by 13?
3
Suppose -n + 2*z - 8 = -2*z, 71 = -4*n + 3*z. What is the remainder when 3 + -2 - (-6 - -2) is divided by (-15)/n*(5 - 1)?
2
Suppose 3*m + 192 = 11*m. What is the remainder when 65 is divided by m?
17
Let g be (-916)/3 + (1 - 4/6). Let o = -181 - g. Calculate the remainder when o is divided by 21.
19
Let p = 303 - -359. Calculate the remainder when p is divided by 13.
12
Let s(u) = -6*u**3 + 2*u**2 - 11*u + 5. Calculate the remainder when s(-4) is divided by 67.
63
Let u be (-1 + -64)*4/4. Let g = u + 130. What is the remainder when g is divided by 33?
32
What is the remainder when 140 is divided by -1 - -37 - (8 - 8)/10?
32
Suppose a - 30 = -2*t + 5*a, -32 = -2*t + 5*a. Calculate the remainder when 36 is divided by t.
3
Calculate the remainder when 2 - 3 - -8*8 is divided by (3/9 + -1)*-24.
15
Let v = 77 + -54. Let d(f) = -60*f - 378. What is the remainder when d(-7) is divided by v?
19
Let f(b) = b**2 - 2*b - 11. Suppose -3*o + 2*o = 3. Calculate the remainder when f(6) is divided by (-34)/(-6) + 2/o.
3
Suppose 14*k - 19*k - 5*t + 205 = 0, 2*t + 10 = 0. What is the remainder when 212 is divided by k?
28
Let z be (3 + -6)/(6/(-10))*-9. Let i = z + 77. Calculate the remainder when i is divided by 14.
4
Suppose -z = -2*z + 14. Suppose 0 = -5*p + 13 + 2. Suppose -p*h - 31 = -2*j, 2*j + 2*h = 4*j - 26. What is the remainder when z is divided by j?
6
Let v(q) = -2*q + 12. Let p be v(7). Let z = 2 - p. Let j(n) = n**3 - 5*n**2 + 7*n - 4. Calculate the remainder when 15 is divided by j(z).
7
Suppose 5*c - 857 = -s, 6*s = 5*s - 3. Let a = c + -119. Let q = -19 - -33. Calculate the remainder when a is divided by q.
11
What is the remainder when 320 is divided by -4*(-6)/8 + (-756)/(-21)?
8
Let d be (11/(-22))/((-2)/464). Let t = d + -82. Suppose 0*x + 27 = 3*x. What is the remainder when t is divided by x?
7
Suppose -6*y + 2*y + 96 = 0. What is the remainder when (-161 - 25)*(0 + (-1)/2) is divided by y?
21
Suppose -3*r = r + 40. Let z = r - -12. Let q = 11 + -8. What is the remainder when q is divided by z?
1
Let h(l) = 2 + 13*l**2 - 3 + 2*l**2. Suppose -5*q = 0, -2*r - 160 = -6*r + 3*q. Calculate the remainder when r is divided by h(-1).
12
Suppose 377 + 325 = 54*o. Let n(t) = -t**2 + t + 50. What is the remainder when n(0) is divided by o?
11
Suppose 4*n - 36 = n + 3*j, -5*j - 6 = n. Calculate the remainder when 365 is divided by n.
5
Let r be (0 - -1 - -2) + -128 + -7. Calculate the remainder when 1 + 2 + 1 - r/4 is divided by 10.
7
Suppose 6*a = 2*a - 4, 3*y = 5*a + 95. Suppose 3*c - 264 + 0 = 0. Calculate the remainder when c is divided by y.
28
Suppose 0 = 14*n - 11*n - 192. Let z = n - 1. What is the remainder when z is divided by 11?
8
Suppose 5*r + 2*w = 761, -3*r + 3*w - 7*w = -451. Calculate the remainder when r is divided by 10/(-4)*156/(-10).
36
Let f(c) = 98*c + 328. Calculate the remainder when f(7) is divided by 34.
28
Let s(v) = v**2 - 22*v + 45. What is the remainder when (-5)/(15/(-2))*51 is divided by s(20)?
4
Calculate the remainder when (-479*2)/((4 - 0) + -6) is divided by 32.
31
Calculate the remainder when 123 is divided by ((-25)/10)/((-70)/644).
8
Suppose -4*a + 9 = -3. Suppose i + 3*v = 3, -2*i = -4*i - a*v + 9. Calculate the remainder when (33/(-9))/(1/(-6)) is divided by i.
4
Let f = -63 + 41. Let u = -8 - f. Suppose 117 = 5*a - 2*a. What is the remainder when a is divided by u?
11
Let i = -632 + 676. What is the remainder when 92 is divided by i?
4
Let n = 157 - -12. What is the remainder when n is divided by 19?
17
Suppose -26 + 6 = -5*n. Suppose -j - 2*l - 5 = 0, -n*j + l - 10 = -7*j. Let c(i) = i - 2. What is the remainder when j is divided by c(3)?
0
Let k = 13 + -12. Let u = 6 + k. Suppose 3*b + 68 = u*b. Calculate the remainder when b is divided by 6.
5
Suppose 0*f = 4*f - 124. Let x be (-325)/13*4/(-10). Let t = x + -1. Calculate the remainder when f is divided by t.
4
Let i(u) = -u + 15. Let b = -9 - -17. What is the remainder when 13 is divided by i(b)?
6
Suppose 2*s = 391 - 19. Calculate the remainder when s is divided by 24.
18
Suppose -2*l + 269 = 5*b, 2*l - 3*l - 210 = -4*b. Let j = b - 46. Calculate the remainder when 27 is divided by j.
6
Let f(a) = 120*a**2 + 3*a + 4. Let o be f(-1). Suppose -g = 3*g + 5*k - o, -4*g + 3*k = -81. What is the remainder when g is divided by (-3)/(0 - (-6)/(-26))?
11
Let h(p) = 49*p**2 - 26*p - 2. Calculate the remainder when h(-4) is divided by 74.
72
Let v = 288 - 244. What is the remainder when 130 is divided by v?
42
What is the remainder when 28 is divided by 34/2*(4 - -7)/11?
11
What is the remainder when (12/(-18))/(2/(-12)) - -65 is divided by 24?
21
Suppose -26*t - 996 = -29*t. Calculate the remainder when t is divided by 12.
8
Let d = 36 + 18. Calculate the remainder when d is divided by 33.
21
Let m be (2/7)/((-3)/(-21)). Suppose -2*t + 3*z = -15, 0 = 3*t + m*z + 3*z - 70. What is the remainder when 57 is divided by t?
12
Let k(b) = -13*b - 35. What is the remainder when k(-7) is divided by 13?
4
Calculate the remainder when 90 is divided by ((-76)/(-12) - 2)/(3/9).
12
Suppose -18 = -3*g + 5*u + 3, -3*u - 1 = 4*g. Suppose -5*z + g*z - 28 = -r, -5*r + 140 = 5*z. What is the remainder when r is divided by 6?
4
Let f = 68 + -42. Suppose -68*z = -39*z - 3683. What is the remainder when z is divided by f?
23
Suppose -14*n + 1269 = 247. Calculate the remainder when 267 is divided by n.
48
Suppose -q - 1016 = -5*n, -36 = -2*n - 4*q + 366. Suppose -385 = -12*k + n. What is the remainder when 142 is divided by k?
44
Let s be ((-9)/4)/((-3)/12). What is the remainder when 33 is divided by (-6)/((-39)/s - -4)?
15
Let k(i) = i. Let d be k(3). Suppose d*j = -0*j + 48. What is the remainder when 1 + 41 + 0 - -2 is divided by j?
12
Suppose 4*c - c = 192. What is the remainder when c is divided by 156/(-117)*51/(-4)?
13
Let z(x) = -1. Let h(v) = -25*v**2 - 4*v + 6. Let y(f) = -h(f) - 2*z(f). Calculate the remainder when 73 is divided by y(1).
23
Suppose -4*z = 2*m - 4*m - 166, -4*z + 146 = 2*m. Let c = 7 - -4. Calculate the remainder when z is divided by c.
6
Suppose 2*m = 4, 0 = -3*g + 4*m + 90 + 283. Calculate the remainder when g is divided by 32.
31
Let o(n) = -n**3 + 2*n**2 + n. Let c be o(-1). Suppose 360 = 3*k + c*k. Calculate the remainder when k is divided by 19.
15
Let r(t) = 8*t**3 - 1. Let d be r(1). Let y = d - 3. Suppose y*h - 61 = 5*i, 0*h - 2*i = -4*h + 58. Calculate the remainder when h is divided by 5.
4
Let y(w) = 4*w + 713 - w**2 + 2*w**2 - 692. What is the remainder when y(-10) is divided by 14?
11
Let x = -18 - -50. Calculate the remainder w